ue
Does 16 divide 1798?
False
Is 8 a factor of 66?
False
Is 750 a multiple of 3?
True
Is 975 a multiple of 25?
True
Is 399 a multiple of 21?
True
Does 91 divide 109837?
True
Is 24 a factor of 768?
True
Is 6 a factor of 1056?
True
Is 10092 a multiple of 4?
True
Does 111 divide 3663?
True
Is 15704 a multiple of 26?
True
Does 31 divide 13082?
True
Is 21337 a multiple of 111?
False
Does 24 divide 120?
True
Is 85605 a multiple of 39?
True
Is 12208 a multiple of 8?
True
Does 10 divide 701?
False
Is 80892 a multiple of 54?
True
Does 78 divide 12043?
False
Is 3087 a multiple of 10?
False
Is 43 a factor of 18791?
True
Does 13 divide 197?
False
Is 784 a multiple of 28?
True
Is 11778 a multiple of 39?
True
Is 3782 a multiple of 54?
False
Is 98 a factor of 3960?
False
Is 24 a factor of 15802?
False
Is 25 a multiple of 14?
False
Does 10 divide 100?
True
Is 13 a factor of 6972?
False
Does 16 divide 22632?
False
Is 2244 a multiple of 44?
True
Is 971 a multiple of 66?
False
Does 48 divide 234?
False
Does 18 divide 17496?
True
Does 8 divide 25802?
False
Does 46 divide 1617?
False
Does 12 divide 1535?
False
Does 3 divide 2151?
True
Is 13 a factor of 117?
True
Is 5679 a multiple of 14?
False
Is 368 a multiple of 7?
False
Is 10 a factor of 3132?
False
Is 115 a factor of 2990?
True
Does 11 divide 5489?
True
Does 5 divide 14902?
False
Is 23 a factor of 3723?
False
Is 32 a factor of 2792?
False
Is 1980 a multiple of 44?
True
Is 30 a factor of 4170?
True
Is 32487 a multiple of 221?
True
Does 17 divide 21284?
True
Does 12 divide 924?
True
Is 16 a factor of 1440?
True
Does 58 divide 1218?
True
Is 1428 a multiple of 15?
False
Is 3120 a multiple of 130?
True
Is 3700 a multiple of 25?
True
Is 15 a multiple of 2?
False
Is 66 a factor of 13332?
True
Is 20 a factor of 2377?
False
Does 39 divide 16263?
True
Is 11 a factor of 5316?
False
Is 1205 a multiple of 40?
False
Is 23 a factor of 83957?
False
Is 5775 a multiple of 55?
True
Is 1223 a multiple of 2?
False
Is 78 a multiple of 32?
False
Is 654 a multiple of 6?
True
Does 56 divide 35028?
False
Is 1556 a multiple of 32?
False
Does 17 divide 8857?
True
Does 9 divide 216?
True
Does 131 divide 66557?
False
Does 14 divide 2241?
False
Is 32 a factor of 768?
True
Is 27 a factor of 499?
False
Is 19 a factor of 19323?
True
Does 2 divide 123?
False
Is 182 a factor of 5278?
True
Is 2919 a multiple of 11?
False
Does 6 divide 3436?
False
Does 22 divide 33657?
False
Is 4416 a multiple of 96?
True
Is 23 a factor of 50228?
False
Is 245 a multiple of 4?
False
Does 25 divide 600?
True
Is 630 a multiple of 21?
True
Is 21 a factor of 567?
True
Is 9 a factor of 2799?
True
Does 21 divide 21?
True
Is 59 a factor of 708?
True
Is 8 a factor of 112?
True
Is 15175 a multiple of 23?
False
Is 152 a factor of 8769?
False
Does 123 divide 3924?
False
Is 18 a factor of 1350?
True
Does 28 divide 756?
True
Does 23 divide 3675?
False
Does 29 divide 60726?
True
Does 45 divide 55637?
False
Is 1533 a multiple of 21?
True
Is 47 a multiple of 2?
False
Does 15 divide 705?
True
Does 28 divide 2571?
False
Does 16 divide 4464?
True
Is 246 a multiple of 3?
True
Is 29370 a multiple of 38?
False
Does 10 divide 3342?
False
Is 18 a factor of 85770?
True
Does 11 divide 255?
False
Is 696 a multiple of 8?
True
Is 637 a multiple of 16?
False
Is 38 a factor of 684?
True
Is 702 a multiple of 6?
True
Is 1273 a multiple of 7?
False
Does 17 divide 2142?
True
Does 9 divide 6003?
True
Does 65 divide 2287?
False
Does 6 divide 324?
True
Is 114 a factor of 13520?
False
Does 11 divide 3927?
True
Is 5 a factor of 10259?
False
Is 516 a multiple of 86?
True
Does 39 divide 33234?
False
Does 9 divide 2061?
True
Is 5104 a multiple of 58?
True
Is 68 a factor of 4760?
True
Is 43311 a multiple of 135?
False
Is 26 a factor of 1188?
False
Is 8 a factor of 406?
False
Does 38 divide 133?
False
Is 3 a factor of 257?
False
Is 20 a factor of 1300?
True
Does 19 divide 2280?
True
Does 38 divide 1520?
True
Is 5886 a multiple of 58?
False
Is 35 a factor of 527?
False
Is 285 a factor of 8835?
True
Does 9 divide 7643?
False
Is 8158 a multiple of 36?
False
Does 4 divide 6896?
True
Is 246 a multiple of 6?
True
Does 26 divide 129740?
True
Does 26 divide 3666?
True
Is 364 a multiple of 14?
True
Is 1064 a multiple of 28?
True
Is 1627 a multiple of 10?
False
Is 235 a multiple of 5?
True
Does 22 divide 548?
False
Does 18 divide 13049?
False
Does 5 divide 10019?
False
Is 24297 a multiple of 273?
True
Is 131 a multiple of 29?
False
Does 57 divide 14456?
False
Is 33 a factor of 1139?
False
Does 12 divide 331?
False
Is 181 a factor of 2995?
False
Does 121 divide 62799?
True
Is 45522 a multiple of 9?
True
Is 139 a factor of 6950?
True
Does 7 divide 329?
True
Does 23 divide 9611?
False
Is 22162 a multiple of 20?
False
Does 43 divide 6493?
True
Does 25 divide 10384?
False
Is 316 a multiple of 9?
False
Is 315 a multiple of 21?
True
Does 84 divide 588?
True
Is 20679 a multiple of 61?
True
Is 21 a factor of 483?
True
Is 32633 a multiple of 13?
False
Is 60 a factor of 31366?
False
Is 17139 a multiple of 197?
True
Is 10656 a multiple of 16?
True
Is 7557 a multiple of 11?
True
Does 107 divide 17221?
False
Is 38 a factor of 1365?
False
Is 3653 a multiple of 88?
False
Is 50 a factor of 3911?
False
Is 44950 a multiple of 15?
False
Is 13 a factor of 600?
False
Is 1538 a multiple of 11?
False
Does 25 divide 150?
True
Does 9 divide 2405?
False
Is 94 a factor of 16826?
True
Is 12 a factor of 83466?
False
Is 35 a factor of 18605?
False
Is 8 a factor of 6392?
True
Is 11 a factor of 5225?
True
Is 16 a factor of 185?
False
Is 779 a multiple of 2?
False
Does 31 divide 15139?
False
Is 6 a factor of 12469?
False
Is 27 a factor of 891?
True
Is 51 a factor of 7038?
True
Is 9 a factor of 3087?
True
Is 3573 a multiple of 9?
True
Is 15 a factor of 126487?
False
Is 3741 a multiple of 23?
False
Does 19 divide 8091?
False
Is 39 a factor of 624?
True
Is 18 a factor of 396?
True
Is 4 a factor of 2012?
True
Does 7 divide 1222?
False
Does 90 divide 900?
True
Does 81 divide 9477?
True
Is 960 a multiple of 8?
True
Is 13041 a multiple of 14?
False
Is 16293 a multiple of 145?
False
Is 398 a multiple of 35?
False
Is 52 a factor of 20592?
True
Does 3 divide 261?
True
Is 391 a multiple of 23?
True
Is 63 a factor of 5639?
False
Does 14 divide 2226?
True
Is 56 a factor of 2725?
False
Is 31 a factor of 1705?
True
Does 100 divide 57000?
True
Is 165 a factor of 1485?
True
Is 31458 a multiple of 107?
True
Is 1770 a multiple of 58?
False
Is 23 a factor of 40480?
True
Does 79 divide 4977?
True
Is 77 a factor of 3850?
True
Is 115 a multiple of 7?
False
Is 42028 a multiple of 9?
False
Is 989 a multiple of 11?
False
Is 18 a factor of 360?
True
Is 357 a multiple of 7?
True
Does 32 divide 9024?
True
Is 105 a factor of 6181?
False
Does 38 divide 684?
True
Does 44 divide 2024?
True
Does 57 divide 1767?
True
Does 135 divide 1755?
True
Is 87 a factor of 12702?
True
Is 77 a factor of 133?
False
Is 16 a factor of 8117?
False
Is 5093 a multiple of 11?
True
Does 3 divide 138?
True
Is 1587 a multiple of 23?
True
Is 20 a factor of 43780?
True
Does 16 divide 1728?
True
Is 1564 a multiple of 68?
True
Does 13 divide 671?
False
Is 31897 a multiple of 61?
False
Does 24 divide 216?
True
Is 170202 a multiple of 19?
True
Is 2291 a multiple of 79?
True
Is 6 a factor of 2562?
True
Does 11 divide 2783?
True
Does 12 divide 48512?
False
Does 54 divide 540?
True
Is 431 a multiple of 8?
False
Is 44 a factor of 1188?
True
Does 41 divide 96?
False
Does 96 divide 5952?
True
Is 6678 a multiple of 63?
True
Does 7 divide 1196?
False
Is 15305 a multiple of 49?
False
Is 33 a factor of 22671?
True
Is 13 a factor of 41359?
False
Is 221 a multiple of 13?
True
Is 8525 a multiple of 55?
True
Is 987 a multiple of 32?
False
Does 143 divide 30030?
True
Is 19 a factor of 3433?
False
Does 3 divide 92?
False
Is 116 a multiple of 4?
True
Is 576 a multiple of 12?
True
Does 30 divide 4177?
False
Does 14 divide 3609?
False
Is 15 a factor of 990?
True
Is 22 a factor of 1417?
False
Is 165 a multiple of 11?
True
Does 14 divide 18113?
False
Is 242 a factor of 32117?
False
Is 48825 a multiple of 315?
True
Is 35 a factor of 1995?
True
Does 7 divide 385?
True
Is 28 a factor of 100861?
False
Does 92 divide 552?
True
Does 3 d